at is 5 + (-4 - (6 - 15)) + -11?
-1
What is (-6 - 1) + 33 + -26?
0
Evaluate (-5 - 0) + 8 + 0.
3
Evaluate -6 + 5 + 8 + -1.
6
What is the value of (2 - 0) + 1 + -5?
-2
Calculate 10 - 6 - 7 - 5 - -13.
5
What is the value of -10 + 4 + 0 + 4?
-2
What is the value of (-8 - (-4 + 0)) + 4?
0
Evaluate 0 - 2 - (2 + (-3 - 2)).
1
Calculate -2 + (4 - 7) + 1 + 0.
-4
Evaluate -3 - 1 - ((0 - -3) + -3).
-4
What is the value of 3 - (-2 + -4 - -4)?
5
What is the value of 7 - 22 - -7 - -1?
-7
Evaluate (-3 - -2) + (-1 - -3) + -6.
-5
Evaluate -1 + 4 + (-3 - 6) - -7.
1
Calculate -4 + 7 + (-4 - -3).
2
Evaluate 11 - (-20 - -19 - (0 - 6)).
6
What is (-1 - 0) + -6 + 6?
-1
What is the value of (3 - (-2 + 3 - 6)) + -4?
4
What is the value of -3 + -3 + 5 - 1?
-2
What is the value of 4 + 1 - (5 - (-8 + 11))?
3
What is (0 - -5 - 1) + -29 + 28?
3
4 - (-5 - (-6 + (0 - 5)))
-2
Calculate 3 - (0 - -3 - 1 - 0).
1
Evaluate 10 + -5 + -3 - (-2 - 0).
4
5 - (17 - (3 - 1))
-10
Evaluate 1 - 13 - (-3 + (-17 - -12)).
-4
0 + 1 + 0 + 17 + -20
-2
What is -6 + 0 + 0 - -3?
-3
What is 16 - (10 + -1) - (-2 - -11)?
-2
Calculate -1 + 1 - (19 + (9 - 22)).
-6
What is 4 - (3 - -1) - -4?
4
What is -3 - (1 + 2 - 1)?
-5
Evaluate (-5 + -20 - -27) + (4 - 1).
5
What is the value of (6 - -2) + -5 + 11 + -4?
10
What is 0 + 14 + (-2 - 9)?
3
(-6 - 1) + 1 + -20 + 23
-3
Evaluate 0 + (-3 - ((-3 - -2) + -2)).
0
What is the value of (2 - (5 + -3 + 1)) + 0?
-1
2 - (-9 - -14) - (0 - -1)
-4
What is the value of -5 + (0 - ((-2 - -4) + -9))?
2
(-1 + -14 - -7) + 2 + 2
-4
What is the value of 12 - (6 - -3 - 2)?
5
What is the value of -9 - -1 - (-8 + 4 - 12)?
8
What is -15 - (-15 + (3 - 0))?
-3
Evaluate (0 - (7 + -2 + 0)) + 2.
-3
Calculate -1 + (5 + -2 - 1).
1
Evaluate -1 + 2 + 1 - (-5 + 5).
2
Calculate (-2 - -5) + 2 + -6.
-1
Evaluate (10 - 2) + (-20 - -6).
-6
What is the value of 50 + -56 + (-1 - 1)?
-8
Evaluate (-2 - -10) + -22 + 20.
6
What is the value of 0 + 6 + (7 - 10) + -3?
0
What is the value of (1 - 4 - (2 + -9)) + -3?
1
What is the value of 8 + -4 + -4 + 3?
3
Calculate 1 - 0 - 7 - -4.
-2
Evaluate 1 + -6 + 3 + -3 - 1.
-6
(-12 - (-14 - 9)) + -18
-7
What is the value of 2 + 3 - ((0 - -4) + -1)?
2
Calculate 3 - (11 - (-1 - -11)).
2
What is -27 + 29 - (-2 - -6)?
-2
-6 + -1 + 11 + 3
7
Calculate (0 - -1) + -2 - (7 + -5).
-3
What is 12 + -7 + 13 + -13?
5
What is the value of -7 + 6 - (2 + (3 - 1))?
-5
What is the value of 2 - 2 - (0 + (-1 - 2))?
3
Evaluate 1 + (-2 - 2 - -3).
0
Evaluate -6 - ((-3 - -3) + -4).
-2
What is 8 + -1 - (16 + 3 + -16)?
4
Evaluate -4 + 1 + (10 - (5 + -2)).
4
What is 5 + (13 - 5) + (-14 - -5)?
4
Evaluate -10 + 4 + 2 - 4.
-8
Calculate (7 - 5) + (-10 - (-2 - 1)).
-5
11 - (-2 + -3 + 11)
5
Calculate 1 + -1 + -3 + 6 + 2.
5
(1 - 0) + (-2 + 6 - 2)
3
Calculate -1 + 14 - (89 + -82).
6
What is (-9 - (-12 - -7)) + 0?
-4
What is the value of 0 + -2 + 1 + 0 - -6?
5
(-1 - -2) + -2 + 5
4
What is -10 + 7 + (0 - -1)?
-2
What is 0 - 0 - (4 - 2) - 2?
-4
Evaluate -9 + (8 - (0 - -4)).
-5
What is -4 + 0 - (26 + -28)?
-2
(4 - 0) + -22 + -13 + 24
-7
Evaluate (3 - (3 + 0)) + -8.
-8
What is (-2 - 5) + 1 - (-3 - 0)?
-3
Evaluate -14 + 16 - (0 - -1).
1
8 + -7 - 3 - (2 - 1)
-3
Calculate 8 - (7 + (9 - 4)).
-4
What is the value of 6 + -3 - 4 - 1?
-2
9 + -9 + (0 - 0)
0
3 - (-10 - -8) - 0
5
What is (-5 - (6 + -7)) + (1 - -2)?
-1
What is the value of (22 - 8) + (-3 - 14)?
-3
What is the value of -1 + (-3 - (8 - 13))?
1
Evaluate -3 + 3 - (3 - (3 - 1)).
-1
4 + 1 + -4 + -3 + 6
4
-3 + (5 - -9) + -7
4
What is the value of 0 - (-6 + 3) - 5?
-2
Calculate 10 + (-4 - (6 + -8)).
8
What is the value of 3 - -2 - (2 - 0)?
3
Evaluate 4 - 0 - (-7 - -12).
-1
(8 - ((3 - 2) + 3)) + -1
3
Evaluate 192 + -198 - (1 - (0 - -1)).
-6
-7 + -1 + 3 + (2 - 0)
-3
What is 6 - ((-5 - -8) + -3) - -1?
7
What is the value of 1 + 1 + -4 + -2 + 1?
-3
What is 5 + -11 + (-2 - 1) - -1?
-8
What is -2 + 3 + -2 + 3 + 1?
3
Evaluate -6 - (-9 - 1) - 9.
-5
Evaluate (-10 - -7 - -5 - 2) + -4.
-4
Calculate 2 - (-1 - 5) - (5 + 0).
3
23 + -29 + (-3 + 2 - -3)
-4
What is 14 + -6 + 0 + -4?
4
3 - 3 - ((2 - -2) + -3)
-1
What is 2 - (5 + -3) - -2?
2
What is the value of -37 - -25 - (1 - 10)?
-3
Calculate (-18 - -7) + 2 + 1 + 11.
3
What is the value of -4 - (-2 - (2 + -2))?
-2
What is the value of -2 + -2 + (4 - -4)?
4
What is the value of (1 - 3 - -4) + -3?
-1
Evaluate -4 + -6 - (-1 - 1) - -4.
-4
What is the value of 3 + (-3 - -4) - (1 + -2)?
5
What is the value of 20 + -25 - ((-3 - -3) + -4)?
-1
What is the value of (6 - (14 + (3 - 8))) + 9?
6
Evaluate 1 - (3 + -1 + 4 + -5).
0
What is (-8 - -3 - -9) + -6?
-2
Calculate (6 - -1) + (-11 - -7).
3
What is -1 - 2 - (-5 + 7 + -8)?
3
Calculate 0 + 0 - (-15 + 16) - -4.
3
(-10 - (0 - 4)) + (-6 - -6)
-6
Evaluate -4 + (-5 - (-9 - (1 + -1))).
0
What is -46 + 50 + -8 + 1?
-3
What is the value of 0 - (2 + 1 + (-9 - -6))?
0
Evaluate (-4 - 0) + (-2 - -1) + 4.
-1
Evaluate (-7 - -9) + (-1 - -7).
8
Calculate 4 + -8 - (-3 - 3).
2
Evaluate (-2 - (-1 - 3)) + (12 - 6).
8
Evaluate -108 + 115 - (1 + 7).
-1
(2 - (-2 + -7)) + -10
1
-4 + 0 + 6 + 0
2
Calculate (-12 - -6) + -1 + 6.
-1
What is the value of 3 + 5 + -1 - 1?
6
What is -1 - (-7 + 2 + (5 - 3))?
2
What is the value of -2 - -11 - (19 + -19)?
9
What is (-4 - (1 + -2)) + -50 + 58?
5
What is the value of (-3 + -7 + 4 - -2) + 7?
3
Calculate (1 - 1 - (-32 - -36)) + 3.
-1
What is the value of (9 - 2) + -7 + (0 - -1)?
1
What is the value of 8 - (12 + (0 - 8))?
4
Calculate 0 + (-10 - -5 - 0).
-5
(7 - 1 - 9) + (6 - 0)
3
2 - (-3 - (-8 + 1)) - -7
5
Evaluate (5 - 3) + 0 - 3 - 2.
-3
-2 + 0 + 1 + 3
2
What is the value of 8 + -10 - (-5 + 5)?
-2
What is the value of (-5 - -1) + -2 + 1?
-5
What is 3 - (-1 + -3 - -4)?
3
Calculate 4 - (19 + 9 + -20).
-4
Calculate -25 + 26 + 1 + 1.
3
Evaluate -11 - (-16 - (4 - 0)).
9
What is (1 - -5) + (2 - 5) - 5?
-2
What is the value of -1 + (5 + -1 - 0) + -5?
-2
What is the value of -1 + 5 + -2 + -2?
0
What is 0 - 3 - -3 - (1 + 3)?
-4
5 - 10 - (-8 + -2)
5
What is the value of -7 + -2 - (-9 - -5)?
-5
Evaluate 4 - (8 - (0 - 1)).
-5
Evaluate (1 - -5) + -8 + 1.
-1
-13 + (-11 - (-18 + 1))
-7
What is -21 + 7 + -10 + 18?
-6
What is the value of (6 - -1) + (-3 - 5)?
-1
8 + -12 - (-5 - (-5 + 2))
-2
Evaluate 5 - ((-23 - -33) + -4 + -1).
0
Calculate -6 + 5 - (-1 - 1).
1
What is (-4 - (2 + -4)) + (7 - 6)?
-1
What is 2 + (-2 - (-1 + -1 + 1))?
1
What is (7 - -1) + (2 - 9) - -1?
2
What is the value of (2 - -1 - 7) + 4 - -1?
1
What is -5 - -10 - (-2 - -3)?
4
0 + 0 - (-67 + 65)
2
-1 - 3 - (-1 + -2)
-1
What is the value of (-6 - -7 - 2) + -1 + -1?
-3
What is (-4 - -4) + 10 + -6?
4
What is the value of 5 - (3 - -2 - (-1 + 6))?
5
What is the value of -2 + 5 + -3 - -4?
4
Calculate 0 + 1 + -2 + -1 + 4.
2
Calculate -5 - -2 - (0 + -8).
5
Evaluate (13 - -2) + (-3 - (6 + -2)).
8
Calculate -11 + 3 - (-6 + -3).
1
What is the value of 5 + -7 + (2 - (4 - -3))?
-7
Evaluate -7 + 0 + (-5 - -5).
-7
Evaluate 0 - -1 - (3 + -1 - 6).
5
4 + 2 + (-6 - 0)
0
Calculate (3 - 2) + -1 + (-3 - -2).
-1
7 - -1 - (-7 + 11)
4
Evaluate -1 - ((2 - -3) + -1 + -4).
-1
Calculate -15 - -5 - (0 + -13).
3
Calculate -197 - -221 - (13 + 1).
10
7 - (18 + -5 + -5)
-1
Evaluate 3 + (-4 + -1 + 6 - 5).
-1
What is 1 - (7 + (-11 - -8))?
-3
Evaluate 8 - 5 - (4 + -1).
0
What is the value of 0 - (2 - (-4 - (3 + -5)))?
-4
(-6 - -3) + 0 + 2
-1
Calculate 4 + (-4 - -2) + 3.
5
Evaluate (5 - 5 - 3) + 2.
-1
(-4 - 0) + (-2 - (2 + -7))
-1
-1 + (7 - (0 - 7 - -19))
-6
Evaluate 0 + -2 + 3 + 1.
2
-4 - (-8 - (-3 - -4 - 1))
4
Calculate (2 - 0) + (12 - 2 - 8).
4
What is the value of -5 - (4 + -3 + -3 + 1)?
-4
Evaluate (-4 - (9 - 5)) + 8.
0
(0 - 2 - -6) + -5
-1
-3 - (-5 + (3 - 3))
2
What is 0 + (4 - (-3 + 7)) - 0?
0
Calculate -8 + 8 + -9 + 7.
-2
What is the value of 2 + 5 + -2 + 48 + -47?
6
What is -1 + 3 - (0 - (-1 + -2))?
-1
What is the value of (15 - 24) + (-1 + -1 - -6)?
-5
Calculate (-1 - (5 - 10)) + -3.
1
What is the value of 1 + 2 + -1 + (-8 - -2)?
-4
-4 - (-8 + (7 - 10))
7
What is the value of -19 + 29 + (-3 - 9)?
-2
Evaluate (-3 - 1 - -3) + 3.
2
What is the value of -12 + 13 + (-2 + -1 - 1)?
-3
-7 + (-3 - -9) - 2
-3
2 + 2 + 3 + 2 + -5
4
What is the value of -12 - (-4 + -12 - -4)?
0
What is -4 + 3 + (9 - 15)?
-7
What is the value of (-2 - (-1 + -6)) + -10?
-5
What is 8